{"id":1935,"date":"2020-11-25T11:36:45","date_gmt":"2020-11-25T08:36:45","guid":{"rendered":"https:\/\/www.milsoft.com.tr\/?page_id=1935"},"modified":"2025-12-22T13:25:34","modified_gmt":"2025-12-22T10:25:34","slug":"kalite-belgelerimiz","status":"publish","type":"page","link":"https:\/\/www.milsoft.com.tr\/index.php\/kalite-belgelerimiz\/","title":{"rendered":"KAL\u0130TE BELGELER\u0130M\u0130Z"},"content":{"rendered":"[vc_row type=&#8221;in_container&#8221; full_screen_row_position=&#8221;middle&#8221; scene_position=&#8221;center&#8221; text_color=&#8221;dark&#8221; text_align=&#8221;left&#8221; overlay_strength=&#8221;0.3&#8243;][vc_column column_padding=&#8221;no-extra-padding&#8221; column_padding_position=&#8221;all&#8221; background_color_opacity=&#8221;1&#8243; background_hover_color_opacity=&#8221;1&#8243; column_shadow=&#8221;none&#8221; width=&#8221;1\/1&#8243; tablet_text_alignment=&#8221;default&#8221; phone_text_alignment=&#8221;default&#8221; column_border_width=&#8221;none&#8221; column_border_style=&#8221;solid&#8221;]<div class=\"divider-wrap\"><div style=\"height: 10px;\" class=\"divider\"><\/div><\/div>[\/vc_column][\/vc_row][vc_row type=&#8221;in_container&#8221; full_screen_row_position=&#8221;middle&#8221; scene_position=&#8221;center&#8221; text_color=&#8221;dark&#8221; text_align=&#8221;left&#8221; overlay_strength=&#8221;0.3&#8243;][vc_column column_padding=&#8221;no-extra-padding&#8221; column_padding_position=&#8221;all&#8221; background_color_opacity=&#8221;1&#8243; background_hover_color_opacity=&#8221;1&#8243; column_shadow=&#8221;none&#8221; width=&#8221;1\/4&#8243; tablet_text_alignment=&#8221;default&#8221; phone_text_alignment=&#8221;default&#8221; column_border_width=&#8221;none&#8221; column_border_style=&#8221;solid&#8221;][\/vc_column][vc_column column_padding=&#8221;no-extra-padding&#8221; column_padding_position=&#8221;all&#8221; background_color_opacity=&#8221;1&#8243; background_hover_color_opacity=&#8221;1&#8243; column_shadow=&#8221;none&#8221; width=&#8221;1\/2&#8243; tablet_text_alignment=&#8221;default&#8221; phone_text_alignment=&#8221;default&#8221; column_border_width=&#8221;none&#8221; column_border_style=&#8221;solid&#8221;]<div class=\"img-with-aniamtion-wrap \" data-max-width=\"125%\"><div class=\"inner\"><a href=\"https:\/\/www.milsoft.com.tr\/wp-content\/uploads\/2025\/12\/cmmi5-25-28.png\" class=\"pp \"><img loading=\"lazy\" decoding=\"async\" data-shadow=\"large_depth\" data-shadow-direction=\"middle\" class=\"img-with-animation \" data-delay=\"0\" height=\"1188\" width=\"1678\" data-animation=\"grow-in\" src=\"https:\/\/www.milsoft.com.tr\/wp-content\/uploads\/2025\/12\/cmmi5-25-28.png\" srcset=\"https:\/\/www.milsoft.com.tr\/wp-content\/uploads\/2025\/12\/cmmi5-25-28.png 1678w, https:\/\/www.milsoft.com.tr\/wp-content\/uploads\/2025\/12\/cmmi5-25-28-300x212.png 300w, https:\/\/www.milsoft.com.tr\/wp-content\/uploads\/2025\/12\/cmmi5-25-28-1024x725.png 1024w, https:\/\/www.milsoft.com.tr\/wp-content\/uploads\/2025\/12\/cmmi5-25-28-768x544.png 768w, https:\/\/www.milsoft.com.tr\/wp-content\/uploads\/2025\/12\/cmmi5-25-28-1536x1087.png 1536w\" sizes=\"auto, 100vw\" alt=\"\" \/><\/a><\/div><\/div>[\/vc_column][vc_column column_padding=&#8221;no-extra-padding&#8221; column_padding_position=&#8221;all&#8221; background_color_opacity=&#8221;1&#8243; background_hover_color_opacity=&#8221;1&#8243; column_shadow=&#8221;none&#8221; width=&#8221;1\/4&#8243; tablet_text_alignment=&#8221;default&#8221; phone_text_alignment=&#8221;default&#8221; column_border_width=&#8221;none&#8221; column_border_style=&#8221;solid&#8221;][\/vc_column][\/vc_row][vc_row type=&#8221;in_container&#8221; full_screen_row_position=&#8221;middle&#8221; scene_position=&#8221;center&#8221; text_color=&#8221;dark&#8221; text_align=&#8221;left&#8221; overlay_strength=&#8221;0.3&#8243;][vc_column column_padding=&#8221;no-extra-padding&#8221; column_padding_position=&#8221;all&#8221; background_color_opacity=&#8221;1&#8243; background_hover_color_opacity=&#8221;1&#8243; bottom_margin=&#8221;%100&#8243; column_shadow=&#8221;small_depth&#8221; width=&#8221;1\/6&#8243; tablet_text_alignment=&#8221;default&#8221; phone_text_alignment=&#8221;default&#8221; column_border_width=&#8221;none&#8221; column_border_style=&#8221;solid&#8221;][\/vc_column][vc_column column_padding=&#8221;no-extra-padding&#8221; column_padding_position=&#8221;all&#8221; background_color_opacity=&#8221;1&#8243; background_hover_color_opacity=&#8221;1&#8243; column_shadow=&#8221;none&#8221; width=&#8221;1\/4&#8243; tablet_text_alignment=&#8221;default&#8221; phone_text_alignment=&#8221;default&#8221; column_border_width=&#8221;none&#8221; column_border_style=&#8221;solid&#8221;]<div class=\"img-with-aniamtion-wrap \" data-max-width=\"100%\"><div class=\"inner\"><a href=\"https:\/\/www.milsoft.com.tr\/wp-content\/uploads\/2024\/03\/2110_Turkish2024.jpg\" class=\"pp \"><img loading=\"lazy\" decoding=\"async\" data-shadow=\"medium_depth\" data-shadow-direction=\"middle\" class=\"img-with-animation \" data-delay=\"0\" height=\"780\" width=\"552\" data-animation=\"grow-in\" src=\"https:\/\/www.milsoft.com.tr\/wp-content\/uploads\/2024\/03\/2110_Turkish2024.jpg\" srcset=\"https:\/\/www.milsoft.com.tr\/wp-content\/uploads\/2024\/03\/2110_Turkish2024.jpg 552w, https:\/\/www.milsoft.com.tr\/wp-content\/uploads\/2024\/03\/2110_Turkish2024-212x300.jpg 212w\" sizes=\"auto, 100vw\" alt=\"\" \/><\/a><\/div><\/div>[\/vc_column][vc_column column_padding=&#8221;no-extra-padding&#8221; column_padding_position=&#8221;all&#8221; background_color_opacity=&#8221;1&#8243; background_hover_color_opacity=&#8221;1&#8243; column_shadow=&#8221;none&#8221; width=&#8221;1\/4&#8243; tablet_text_alignment=&#8221;default&#8221; phone_text_alignment=&#8221;default&#8221; column_border_width=&#8221;none&#8221; column_border_style=&#8221;solid&#8221;]<div class=\"img-with-aniamtion-wrap \" data-max-width=\"100%\"><div class=\"inner\"><a href=\"https:\/\/www.milsoft.com.tr\/wp-content\/uploads\/2024\/03\/ISO-27001-2024.jpg\" class=\"pp \"><img loading=\"lazy\" decoding=\"async\" data-shadow=\"medium_depth\" data-shadow-direction=\"middle\" class=\"img-with-animation \" data-delay=\"0\" height=\"957\" width=\"675\" data-animation=\"grow-in\" src=\"https:\/\/www.milsoft.com.tr\/wp-content\/uploads\/2024\/03\/ISO-27001-2024.jpg\" srcset=\"https:\/\/www.milsoft.com.tr\/wp-content\/uploads\/2024\/03\/ISO-27001-2024.jpg 675w, https:\/\/www.milsoft.com.tr\/wp-content\/uploads\/2024\/03\/ISO-27001-2024-212x300.jpg 212w\" sizes=\"auto, 100vw\" alt=\"\" \/><\/a><\/div><\/div>[\/vc_column][vc_column column_padding=&#8221;no-extra-padding&#8221; column_padding_position=&#8221;all&#8221; background_color_opacity=&#8221;1&#8243; background_hover_color_opacity=&#8221;1&#8243; column_shadow=&#8221;none&#8221; width=&#8221;1\/4&#8243; tablet_text_alignment=&#8221;default&#8221; phone_text_alignment=&#8221;default&#8221; column_border_width=&#8221;none&#8221; column_border_style=&#8221;solid&#8221;]<div class=\"img-with-aniamtion-wrap \" data-max-width=\"100%\"><div class=\"inner\"><a href=\"https:\/\/www.milsoft.com.tr\/wp-content\/uploads\/2024\/03\/2210_Turkish2024.jpg\" class=\"pp \"><img loading=\"lazy\" decoding=\"async\" data-shadow=\"medium_depth\" data-shadow-direction=\"middle\" class=\"img-with-animation \" data-delay=\"0\" height=\"780\" width=\"552\" data-animation=\"grow-in\" src=\"https:\/\/www.milsoft.com.tr\/wp-content\/uploads\/2024\/03\/2210_Turkish2024.jpg\" srcset=\"https:\/\/www.milsoft.com.tr\/wp-content\/uploads\/2024\/03\/2210_Turkish2024.jpg 552w, https:\/\/www.milsoft.com.tr\/wp-content\/uploads\/2024\/03\/2210_Turkish2024-212x300.jpg 212w\" sizes=\"auto, 100vw\" alt=\"\" \/><\/a><\/div><\/div>[\/vc_column][\/vc_row][vc_row type=&#8221;in_container&#8221; full_screen_row_position=&#8221;middle&#8221; scene_position=&#8221;center&#8221; text_color=&#8221;dark&#8221; text_align=&#8221;left&#8221; overlay_strength=&#8221;0.3&#8243;][vc_column column_padding=&#8221;no-extra-padding&#8221; column_padding_position=&#8221;all&#8221; background_color_opacity=&#8221;1&#8243; background_hover_color_opacity=&#8221;1&#8243; column_shadow=&#8221;none&#8221; width=&#8221;1\/3&#8243; tablet_text_alignment=&#8221;default&#8221; phone_text_alignment=&#8221;default&#8221; column_border_width=&#8221;none&#8221; column_border_style=&#8221;solid&#8221;][\/vc_column][vc_column column_padding=&#8221;no-extra-padding&#8221; column_padding_position=&#8221;all&#8221; background_color_opacity=&#8221;1&#8243; background_hover_color_opacity=&#8221;1&#8243; column_shadow=&#8221;none&#8221; width=&#8221;5\/12&#8243; tablet_text_alignment=&#8221;default&#8221; phone_text_alignment=&#8221;default&#8221; column_border_width=&#8221;none&#8221; column_border_style=&#8221;solid&#8221;]<div class=\"img-with-aniamtion-wrap \" data-max-width=\"100%\"><div class=\"inner\"><a href=\"https:\/\/www.milsoft.com.tr\/wp-content\/uploads\/2023\/01\/ISO-9001tr.jpg\" class=\"pp \"><img loading=\"lazy\" decoding=\"async\" data-shadow=\"none\" data-shadow-direction=\"middle\" class=\"img-with-animation \" data-delay=\"0\" height=\"690\" width=\"895\" data-animation=\"fade-in-from-left\" src=\"https:\/\/www.milsoft.com.tr\/wp-content\/uploads\/2023\/01\/ISO-9001tr.jpg\" srcset=\"https:\/\/www.milsoft.com.tr\/wp-content\/uploads\/2023\/01\/ISO-9001tr.jpg 895w, https:\/\/www.milsoft.com.tr\/wp-content\/uploads\/2023\/01\/ISO-9001tr-300x231.jpg 300w, https:\/\/www.milsoft.com.tr\/wp-content\/uploads\/2023\/01\/ISO-9001tr-768x592.jpg 768w\" sizes=\"auto, 100vw\" alt=\"\" \/><\/a><\/div><\/div>[\/vc_column][vc_column column_padding=&#8221;no-extra-padding&#8221; column_padding_position=&#8221;all&#8221; background_color_opacity=&#8221;1&#8243; background_hover_color_opacity=&#8221;1&#8243; column_shadow=&#8221;none&#8221; width=&#8221;1\/4&#8243; tablet_text_alignment=&#8221;default&#8221; phone_text_alignment=&#8221;default&#8221; column_border_width=&#8221;none&#8221; column_border_style=&#8221;solid&#8221;][\/vc_column][\/vc_row]\n","protected":false},"excerpt":{"rendered":"<p>[vc_row type=&#8221;in_container&#8221; full_screen_row_position=&#8221;middle&#8221; scene_position=&#8221;center&#8221; text_color=&#8221;dark&#8221; text_align=&#8221;left&#8221; overlay_strength=&#8221;0.3&#8243;][vc_column column_padding=&#8221;no-extra-padding&#8221; column_padding_position=&#8221;all&#8221; background_color_opacity=&#8221;1&#8243; background_hover_color_opacity=&#8221;1&#8243; column_shadow=&#8221;none&#8221; width=&#8221;1\/1&#8243; tablet_text_alignment=&#8221;default&#8221; phone_text_alignment=&#8221;default&#8221; column_border_width=&#8221;none&#8221; column_border_style=&#8221;solid&#8221;][\/vc_column][\/vc_row][vc_row type=&#8221;in_container&#8221; full_screen_row_position=&#8221;middle&#8221; scene_position=&#8221;center&#8221; text_color=&#8221;dark&#8221; text_align=&#8221;left&#8221; overlay_strength=&#8221;0.3&#8243;][vc_column column_padding=&#8221;no-extra-padding&#8221; column_padding_position=&#8221;all&#8221; background_color_opacity=&#8221;1&#8243; background_hover_color_opacity=&#8221;1&#8243; column_shadow=&#8221;none&#8221; width=&#8221;1\/4&#8243; tablet_text_alignment=&#8221;default&#8221;&#8230;<\/p>\n","protected":false},"author":1,"featured_media":0,"parent":0,"menu_order":0,"comment_status":"closed","ping_status":"closed","template":"","meta":{"footnotes":""},"class_list":["post-1935","page","type-page","status-publish","hentry"],"_links":{"self":[{"href":"https:\/\/www.milsoft.com.tr\/index.php\/wp-json\/wp\/v2\/pages\/1935","targetHints":{"allow":["GET"]}}],"collection":[{"href":"https:\/\/www.milsoft.com.tr\/index.php\/wp-json\/wp\/v2\/pages"}],"about":[{"href":"https:\/\/www.milsoft.com.tr\/index.php\/wp-json\/wp\/v2\/types\/page"}],"author":[{"embeddable":true,"href":"https:\/\/www.milsoft.com.tr\/index.php\/wp-json\/wp\/v2\/users\/1"}],"replies":[{"embeddable":true,"href":"https:\/\/www.milsoft.com.tr\/index.php\/wp-json\/wp\/v2\/comments?post=1935"}],"version-history":[{"count":11,"href":"https:\/\/www.milsoft.com.tr\/index.php\/wp-json\/wp\/v2\/pages\/1935\/revisions"}],"predecessor-version":[{"id":4665,"href":"https:\/\/www.milsoft.com.tr\/index.php\/wp-json\/wp\/v2\/pages\/1935\/revisions\/4665"}],"wp:attachment":[{"href":"https:\/\/www.milsoft.com.tr\/index.php\/wp-json\/wp\/v2\/media?parent=1935"}],"curies":[{"name":"wp","href":"https:\/\/api.w.org\/{rel}","templated":true}]}}