{"id":1565,"date":"2020-10-19T19:00:19","date_gmt":"2020-10-19T16:00:19","guid":{"rendered":"https:\/\/www.milsoft.com.tr\/?page_id=1565"},"modified":"2026-05-08T09:41:29","modified_gmt":"2026-05-08T06:41:29","slug":"kariyer","status":"publish","type":"page","link":"https:\/\/www.milsoft.com.tr\/index.php\/kariyer\/","title":{"rendered":"Kariyer"},"content":{"rendered":"[vc_row type=&#8221;full_width_background&#8221; full_screen_row_position=&#8221;middle&#8221; equal_height=&#8221;yes&#8221; content_placement=&#8221;middle&#8221; bg_color=&#8221;#545454&#8243; scene_position=&#8221;center&#8221; video_bg=&#8221;use_video&#8221; video_mp4=&#8221;https:\/\/www.milsoft.com.tr\/wp-content\/uploads\/2025\/02\/MilSOFT-yazilim-teknolojileri-v1.mp4&#8243; text_color=&#8221;light&#8221; text_align=&#8221;left&#8221; top_padding=&#8221;5%&#8221; bottom_padding=&#8221;5%&#8221; overlay_strength=&#8221;0.8&#8243;][vc_column column_padding=&#8221;no-extra-padding&#8221; column_padding_position=&#8221;all&#8221; background_color_opacity=&#8221;1&#8243; background_hover_color_opacity=&#8221;1&#8243; column_shadow=&#8221;none&#8221; width=&#8221;1\/1&#8243; tablet_text_alignment=&#8221;default&#8221; phone_text_alignment=&#8221;default&#8221; column_border_width=&#8221;none&#8221; column_border_style=&#8221;solid&#8221;][vc_row_inner column_margin=&#8221;default&#8221; text_align=&#8221;left&#8221;][vc_column_inner column_padding=&#8221;no-extra-padding&#8221; column_padding_position=&#8221;all&#8221; background_color_opacity=&#8221;1&#8243; width=&#8221;1\/6&#8243; column_border_width=&#8221;none&#8221; column_border_style=&#8221;solid&#8221;][\/vc_column_inner][vc_column_inner column_padding=&#8221;padding-2-percent&#8221; column_padding_position=&#8221;left-right&#8221; centered_text=&#8221;true&#8221; background_color_opacity=&#8221;1&#8243; width=&#8221;2\/3&#8243; column_border_width=&#8221;none&#8221; column_border_style=&#8221;solid&#8221;]<div class=\"divider-wrap\"><div style=\"height: 210px;\" class=\"divider\"><\/div><\/div>[vc_custom_heading text=&#8221;Kariyer&#8221; font_container=&#8221;tag:h2|font_size:52|text_align:center|line_height:52px&#8221; use_theme_fonts=&#8221;yes&#8221;]<div class=\"divider-wrap\"><div style=\"height: 10px;\" class=\"divider\"><\/div><\/div>[vc_custom_heading text=&#8221;G\u00fcncel Kariyer F\u0131rsatlar\u0131&#8221; font_container=&#8221;tag:p|font_size:18|text_align:center|color:rgba(255%2C255%2C255%2C0.7)|line_height:26px&#8221; use_theme_fonts=&#8221;yes&#8221;]<div class=\"divider-wrap\"><div style=\"height: 25px;\" class=\"divider\"><\/div><\/div>[\/vc_column_inner][vc_column_inner column_padding=&#8221;no-extra-padding&#8221; column_padding_position=&#8221;all&#8221; background_color_opacity=&#8221;1&#8243; width=&#8221;1\/6&#8243; column_border_width=&#8221;none&#8221; column_border_style=&#8221;solid&#8221;][\/vc_column_inner][\/vc_row_inner][\/vc_column][\/vc_row][vc_row type=&#8221;in_container&#8221; full_screen_row_position=&#8221;middle&#8221; scene_position=&#8221;center&#8221; text_color=&#8221;dark&#8221; text_align=&#8221;left&#8221; overlay_strength=&#8221;0.3&#8243;][vc_column column_padding=&#8221;no-extra-padding&#8221; column_padding_position=&#8221;all&#8221; background_color_opacity=&#8221;1&#8243; background_hover_color_opacity=&#8221;1&#8243; column_shadow=&#8221;none&#8221; width=&#8221;1\/1&#8243; tablet_text_alignment=&#8221;default&#8221; phone_text_alignment=&#8221;default&#8221; column_border_width=&#8221;none&#8221; column_border_style=&#8221;solid&#8221;]<div class=\"divider-wrap\"><div style=\"height: 25px;\" class=\"divider\"><\/div><\/div>[vc_column_text css=&#8221;.vc_custom_1524122334972{margin-top: -8px !important;margin-bottom: -8px !important;}&#8221;]\n<h2 style=\"text-align: center;\">Kariyer \u0130mkanlar\u0131<\/h2>\n[\/vc_column_text]<div class=\"divider-wrap\"><div style=\"height: 25px;\" class=\"divider\"><\/div><\/div><div class=\"toggles \" data-style=\"default\"><div class=\"toggle accent-color\"><h3><a href=\"#\"><i class=\"icon-plus-sign\"><\/i>PERSONEL ADAYLARININ KISISEL VERILERININ KORUNMASI HAKKINDA BILGILENDIRME<\/a><\/h3><div>[vc_column_text]\n<p align=\"justify\">MilSOFT\u2019ta istihdam edilmek i\u00e7in basvuruda bulunan personel adaylarinin kisisel verileri, ise alim s\u00fcre\u00e7lerinin saglikli bir sekilde tamamlanabilmesi i\u00e7in toplanmaktadir. Bu kapsamda, personel adayi tarafindan e-posta, posta\/kargo, kisi referansi veya diger y\u00f6ntemlerle yazili veya s\u00f6zl\u00fc olarak ulastirilmasi, MilSOFT internet sitesi \u00fczerinden veya istihdam veya danismanlik sirketleri araciligi ile yapilacak basvurular \u00fczerinden veya bu ve benzer hizmetleri veren internet siteleri araciligi ile veyahut iletisimde bulunulan \u00fc\u00e7\u00fcnc\u00fc kisiler araciligi ile yazili, s\u00f6zl\u00fc veya elektronik ortamda personel adaylarinin kisisel verileri toplanabilmektedir. Bunlara ilaveten, personel adayi ile y\u00fcz y\u00fcze, telefon araciligi ile veya video konferans y\u00f6ntemleri ile yapilan g\u00f6r\u00fcsmeler neticesinde veya yine bu g\u00f6r\u00fcsmelerde yapilan yetkinlik benzeri testler araciligi ile personel adaylarinin kisisel verileri toplanabilmektedir.<\/p>\n<p align=\"justify\">Yukarida a\u00e7iklandigi sekilde toplanan veriler, Sirket\u2019in internet sitesinde yayinlanan <i>\u201c6698 Sayili Kisisel Kisisel Verilerin Korunmasi Kanunu Geregince Aydinlatma Metni\u201d<\/i>nde belirtilen d\u00fczenlemelere tabi olup, personel adaylarina iliskin veriler;<\/p>\n<ol type=\"a\">\n<li>\n<p align=\"justify\">Personel adayinin basvuruda bulunulan pozisyon i\u00e7in egitiminin, tecr\u00fcbesinin ve diger niteliklerinin uygun olup olmadiginin tespit edilebilmesi;<\/p>\n<\/li>\n<li>\n<p align=\"justify\">Personel adayi tarafindan verilen bilgilerin dogrulugunun ve g\u00fcvenilirliginin, \u00fc\u00e7\u00fcnc\u00fc kisilerle iletisime ge\u00e7me ve gerektiginde bilgileri bu kisilerle paylasmak yoluyla, teyit edilebilmesi;<\/p>\n<\/li>\n<li>\n<p align=\"justify\">Ise alim s\u00fcrecinin herhangi bir asamasinda ihtiya\u00e7 duyulmasi halinde veya ise alim s\u00fcrecinin olumsuz sonu\u00e7lanmasi halinde ileriki tarihlerde olusacak yeni istihdam ihtiya\u00e7lari kapsaminda, personel adayi ile iletisimin saglanabilmesi;<\/p>\n<\/li>\n<li>\n<p align=\"justify\"><a name=\"_GoBack\"><\/a> Ise alim s\u00fcreci olumlu sonu\u00e7lanmasi halinde ise ise baslatma islemlerinin ve prosed\u00fcrlerinin tamamlanabilmesi;<\/p>\n<\/li>\n<li>\n<p align=\"justify\">Sirket ise alim s\u00fcre\u00e7lerinin iyilestirilmesi ve gelistirilmesi amaciyla yapilan\/yapilacak \u00e7alismalarda fayda saglamasi amaciyla kullanilacaktir.<\/p>\n<\/li>\n<\/ol>\n<p>&nbsp;<\/p>\n<p>MilSOFT\u2019un <i>\u201c6698 Sayili Kisisel Kisisel Verilerin Korunmasi Kanunu Geregince Aydinlatma Metni\u201d<\/i>ne <a href=\"https:\/\/www.milsoft.com.tr\/index.php\/hakkimizda\/#Kalite\" target=\"_blank\" rel=\"noopener noreferrer\">buradan<\/a> ulasabilirsiniz.[\/vc_column_text]<\/div><\/div><\/div>[vc_row_inner equal_height=&#8221;yes&#8221; column_margin=&#8221;default&#8221; bottom_padding=&#8221;80&#8243; text_align=&#8221;left&#8221;][vc_column_inner enable_animation=&#8221;true&#8221; animation=&#8221;none&#8221; column_padding=&#8221;padding-3-percent&#8221; column_padding_position=&#8221;all&#8221; background_color=&#8221;#eaeaea&#8221; background_color_opacity=&#8221;1&#8243; width=&#8221;1\/3&#8243; column_border_width=&#8221;none&#8221; column_border_style=&#8221;solid&#8221; delay=&#8221;50&#8243;][vc_custom_heading text=&#8221;MilSOFT olarak bizler, \u00f6zg\u00fcn teknolojimizi geli\u015ftirmek, daima en iyi olmak i\u00e7in \u00e7al\u0131\u015ft\u0131k. D\u00fcnyada az say\u0131da firman\u0131n ula\u015fabildi\u011fi en \u00fcst seviye yaz\u0131l\u0131m m\u00fchendisli\u011fi s\u00fcre\u00e7 olgunluk modeline (CMMI seviye 5) sahip olan ilk T\u00fcrk firmas\u0131 biz olduk.&#8221; font_container=&#8221;tag:p|text_align:center|color:rgba(10%2C10%2C10%2C0.65)&#8221; use_theme_fonts=&#8221;yes&#8221; css_animation=&#8221;none&#8221;][vc_custom_heading text=&#8221;Sekt\u00f6r\u00fcm\u00fczde en iyi kariyer geli\u015fimi ve \u00f6\u011frenme olanaklar\u0131 yaratmay\u0131 ilke edindik. Bu uluslararas\u0131 yar\u0131\u015fta bizim tak\u0131m\u0131m\u0131zda yer almak, hem milli sistemlerimizin geli\u015ftirilmesinde hem de ihra\u00e7 edilen yaz\u0131l\u0131m projelerinde en yeni teknolojileri kullanarak ger\u00e7ek m\u00fchendislik \u00e7\u00f6z\u00fcmleri \u00fcretmek, T\u00fcrk m\u00fchendislerinin ba\u015far\u0131s\u0131n\u0131 yeni ufuklara ta\u015f\u0131mak isteyen, kendine g\u00fcvenen, ba\u015far\u0131ya inanan arkada\u015flar\u0131 aram\u0131za davet ediyoruz.&#8221; font_container=&#8221;tag:p|text_align:center|color:rgba(10%2C10%2C10%2C0.65)&#8221; use_theme_fonts=&#8221;yes&#8221; css_animation=&#8221;none&#8221;][\/vc_column_inner][vc_column_inner column_padding=&#8221;no-extra-padding&#8221; column_padding_position=&#8221;all&#8221; background_color=&#8221;#eaeaea&#8221; background_color_opacity=&#8221;1&#8243; width=&#8221;2\/3&#8243; column_border_width=&#8221;none&#8221; column_border_style=&#8221;solid&#8221;][nectar_horizontal_list_item columns=&#8221;3&#8243; column_layout_using_3_columns=&#8221;large_first&#8221; col_1_text_align=&#8221;left&#8221; col_2_text_align=&#8221;center&#8221; col_3_text_align=&#8221;right&#8221; font_family=&#8221;h5&#8243; hover_color=&#8221;accent-color&#8221; col_1_content=&#8221;GENERAL APPLICATION&#8221; cta_1_text=&#8221;&#8230;&#8221; cta_1_url=&#8221;http:\/\/www.milsoft.com.tr\/pms-1806\/&#8221; url=&#8221;https:\/\/milsoft.hrpeak.com\/candidate\/register&#8221; col_2_content=&#8221;Ankara&#8221;][nectar_horizontal_list_item columns=&#8221;3&#8243; column_layout_using_3_columns=&#8221;large_first&#8221; col_1_text_align=&#8221;left&#8221; col_2_text_align=&#8221;center&#8221; col_3_text_align=&#8221;right&#8221; font_family=&#8221;h5&#8243; hover_color=&#8221;accent-color&#8221; col_1_content=&#8221;Senior Software Engineer (SWENG 2601)&#8221; cta_1_text=&#8221;&#8230;&#8221; cta_1_url=&#8221;http:\/\/www.milsoft.com.tr\/pms-1806\/&#8221; url=&#8221;https:\/\/milsoft.hrpeak.com\/umzsz7uce58ngcfwr9rqx3fg8s.job&#8221; col_2_content=&#8221;Ankara&#8221;][nectar_horizontal_list_item columns=&#8221;3&#8243; column_layout_using_3_columns=&#8221;large_first&#8221; col_1_text_align=&#8221;left&#8221; col_2_text_align=&#8221;center&#8221; col_3_text_align=&#8221;right&#8221; font_family=&#8221;h5&#8243; hover_color=&#8221;accent-color&#8221; col_1_content=&#8221;Senior Cloud Engineer (2402) (Talent Pool)&#8221; col_2_content=&#8221;Ankara&#8221; cta_1_text=&#8221;&#8230;&#8221; cta_1_url=&#8221;https:\/\/www.milsoft.com.tr\/index.php\/microsofts-products-junior-developer-mpjd-2103\/&#8221; url=&#8221;https:\/\/milsoft.hrpeak.com\/sxm2gpmbsh6cwxbxy38tnpz8ga.job&#8221;][nectar_horizontal_list_item columns=&#8221;3&#8243; column_layout_using_3_columns=&#8221;large_first&#8221; col_1_text_align=&#8221;left&#8221; col_2_text_align=&#8221;center&#8221; col_3_text_align=&#8221;right&#8221; font_family=&#8221;h5&#8243; hover_color=&#8221;accent-color&#8221; col_1_content=&#8221;Autonomous Software Engineer (2304)&#8221; col_2_content=&#8221;Ankara&#8221; cta_1_text=&#8221;&#8230;&#8221; cta_1_url=&#8221;https:\/\/www.milsoft.com.tr\/index.php\/microsofts-products-junior-developer-mpjd-2103\/&#8221; url=&#8221;https:\/\/milsoft.hrpeak.com\/n5tskse4xnqjyaz3afyzt6aj52.job&#8221;][nectar_horizontal_list_item columns=&#8221;3&#8243; column_layout_using_3_columns=&#8221;large_first&#8221; col_1_text_align=&#8221;left&#8221; col_2_text_align=&#8221;center&#8221; col_3_text_align=&#8221;right&#8221; font_family=&#8221;h5&#8243; hover_color=&#8221;accent-color&#8221; col_1_content=&#8221;Cloud Engineer (2303)&#8221; col_2_content=&#8221;Ankara&#8221; cta_1_text=&#8221;&#8230;&#8221; cta_1_url=&#8221;https:\/\/www.milsoft.com.tr\/index.php\/microsofts-products-junior-developer-mpjd-2103\/&#8221; url=&#8221;https:\/\/milsoft.hrpeak.com\/n62scp5vhqf4wgcevv2ale7cpx.job&#8221;][nectar_horizontal_list_item columns=&#8221;3&#8243; column_layout_using_3_columns=&#8221;large_first&#8221; col_1_text_align=&#8221;left&#8221; col_2_text_align=&#8221;center&#8221; col_3_text_align=&#8221;right&#8221; font_family=&#8221;h5&#8243; hover_color=&#8221;accent-color&#8221; col_1_content=&#8221;Autonomous Systems Engineer (Vehicle) (2302)&#8221; col_2_content=&#8221;Ankara&#8221; cta_1_text=&#8221;&#8230;&#8221; cta_1_url=&#8221;https:\/\/www.milsoft.com.tr\/index.php\/microsofts-products-junior-developer-mpjd-2103\/&#8221; url=&#8221;https:\/\/milsoft.hrpeak.com\/g4jarns27meky9nmpqga9aqmaw.job&#8221;][nectar_horizontal_list_item columns=&#8221;3&#8243; column_layout_using_3_columns=&#8221;large_first&#8221; col_1_text_align=&#8221;left&#8221; col_2_text_align=&#8221;center&#8221; col_3_text_align=&#8221;right&#8221; font_family=&#8221;h5&#8243; hover_color=&#8221;accent-color&#8221; col_1_content=&#8221;Software Engineer (SWENG-WEB-2203)&#8221; col_2_content=&#8221;Ankara&#8221; cta_1_text=&#8221;&#8230;&#8221; cta_1_url=&#8221;https:\/\/www.milsoft.com.tr\/index.php\/microsofts-products-junior-developer-mpjd-2103\/&#8221; url=&#8221;https:\/\/milsoft.hrpeak.com\/3d33akepbypuw6x5n954sx2623.job&#8221;][nectar_horizontal_list_item columns=&#8221;3&#8243; column_layout_using_3_columns=&#8221;large_first&#8221; col_1_text_align=&#8221;left&#8221; col_2_text_align=&#8221;center&#8221; col_3_text_align=&#8221;right&#8221; font_family=&#8221;h5&#8243; hover_color=&#8221;accent-color&#8221; col_1_content=&#8221;Project Management Specialist (PMS-2226)&#8221; col_2_content=&#8221;Ankara&#8221; cta_1_text=&#8221;&#8230;&#8221; cta_1_url=&#8221;https:\/\/www.milsoft.com.tr\/index.php\/microsofts-products-junior-developer-mpjd-2103\/&#8221; url=&#8221;https:\/\/milsoft.hrpeak.com\/as5tqzaxxdtcwyc23udtwu5zbs.job&#8221;][nectar_horizontal_list_item columns=&#8221;3&#8243; column_layout_using_3_columns=&#8221;large_first&#8221; col_1_text_align=&#8221;left&#8221; col_2_text_align=&#8221;center&#8221; col_3_text_align=&#8221;right&#8221; font_family=&#8221;h5&#8243; hover_color=&#8221;accent-color&#8221; col_1_content=&#8221;Software Engineer (SWENG &#8211; C++ &#8211; 2225) (Talent Pool)&#8221; col_2_content=&#8221;Ankara&#8221; cta_1_text=&#8221;&#8230;&#8221; cta_1_url=&#8221;https:\/\/www.milsoft.com.tr\/index.php\/microsofts-products-junior-developer-mpjd-2103\/&#8221; url=&#8221;https:\/\/milsoft.hrpeak.com\/kl3nxys6hcurwknjtgagx4kd22.job &#8220;][nectar_horizontal_list_item columns=&#8221;3&#8243; column_layout_using_3_columns=&#8221;large_first&#8221; col_1_text_align=&#8221;left&#8221; col_2_text_align=&#8221;center&#8221; col_3_text_align=&#8221;right&#8221; font_family=&#8221;h5&#8243; hover_color=&#8221;accent-color&#8221; col_1_content=&#8221;SOFTWARE ENGINEERS (SWENG-JAVA-2224)&#8221; col_2_content=&#8221;Ankara&#8221; cta_1_text=&#8221;&#8230;&#8221; cta_1_url=&#8221;https:\/\/www.milsoft.com.tr\/index.php\/microsofts-products-junior-developer-mpjd-2103\/&#8221; url=&#8221;https:\/\/milsoft.hrpeak.com\/69tzsphv6bpyymvwhvnyccw2nq.job&#8221;][nectar_horizontal_list_item columns=&#8221;3&#8243; column_layout_using_3_columns=&#8221;large_first&#8221; col_1_text_align=&#8221;left&#8221; col_2_text_align=&#8221;center&#8221; col_3_text_align=&#8221;right&#8221; font_family=&#8221;h5&#8243; hover_color=&#8221;accent-color&#8221; col_1_content=&#8221;System\/Test Engineer (SETE &#8211; 2222) (Talent Pool)&#8221; col_2_content=&#8221;Ankara&#8221; cta_1_text=&#8221;&#8230;&#8221; cta_1_url=&#8221;https:\/\/www.milsoft.com.tr\/index.php\/microsofts-products-junior-developer-mpjd-2103\/&#8221; url=&#8221;https:\/\/milsoft.hrpeak.com\/j7yv3n6u8kfdymxv73zenj6n6w.job&#8221;][\/vc_column_inner][\/vc_row_inner][\/vc_column][\/vc_row]\n","protected":false},"excerpt":{"rendered":"<p>[vc_row type=&#8221;full_width_background&#8221; full_screen_row_position=&#8221;middle&#8221; equal_height=&#8221;yes&#8221; content_placement=&#8221;middle&#8221; bg_color=&#8221;#545454&#8243; scene_position=&#8221;center&#8221; video_bg=&#8221;use_video&#8221; video_mp4=&#8221;https:\/\/www.milsoft.com.tr\/wp-content\/uploads\/2025\/02\/MilSOFT-yazilim-teknolojileri-v1.mp4&#8243; text_color=&#8221;light&#8221; text_align=&#8221;left&#8221; top_padding=&#8221;5%&#8221; bottom_padding=&#8221;5%&#8221; overlay_strength=&#8221;0.8&#8243;][vc_column column_padding=&#8221;no-extra-padding&#8221; column_padding_position=&#8221;all&#8221; background_color_opacity=&#8221;1&#8243; background_hover_color_opacity=&#8221;1&#8243; column_shadow=&#8221;none&#8221; width=&#8221;1\/1&#8243; tablet_text_alignment=&#8221;default&#8221; phone_text_alignment=&#8221;default&#8221; column_border_width=&#8221;none&#8221; column_border_style=&#8221;solid&#8221;][vc_row_inner column_margin=&#8221;default&#8221; text_align=&#8221;left&#8221;][vc_column_inner column_padding=&#8221;no-extra-padding&#8221; column_padding_position=&#8221;all&#8221; background_color_opacity=&#8221;1&#8243; width=&#8221;1\/6&#8243;&#8230;<\/p>\n","protected":false},"author":1,"featured_media":0,"parent":0,"menu_order":0,"comment_status":"closed","ping_status":"closed","template":"","meta":{"footnotes":""},"class_list":["post-1565","page","type-page","status-publish","hentry"],"_links":{"self":[{"href":"https:\/\/www.milsoft.com.tr\/index.php\/wp-json\/wp\/v2\/pages\/1565","targetHints":{"allow":["GET"]}}],"collection":[{"href":"https:\/\/www.milsoft.com.tr\/index.php\/wp-json\/wp\/v2\/pages"}],"about":[{"href":"https:\/\/www.milsoft.com.tr\/index.php\/wp-json\/wp\/v2\/types\/page"}],"author":[{"embeddable":true,"href":"https:\/\/www.milsoft.com.tr\/index.php\/wp-json\/wp\/v2\/users\/1"}],"replies":[{"embeddable":true,"href":"https:\/\/www.milsoft.com.tr\/index.php\/wp-json\/wp\/v2\/comments?post=1565"}],"version-history":[{"count":181,"href":"https:\/\/www.milsoft.com.tr\/index.php\/wp-json\/wp\/v2\/pages\/1565\/revisions"}],"predecessor-version":[{"id":6899,"href":"https:\/\/www.milsoft.com.tr\/index.php\/wp-json\/wp\/v2\/pages\/1565\/revisions\/6899"}],"wp:attachment":[{"href":"https:\/\/www.milsoft.com.tr\/index.php\/wp-json\/wp\/v2\/media?parent=1565"}],"curies":[{"name":"wp","href":"https:\/\/api.w.org\/{rel}","templated":true}]}}